2 - 25*u + 8. Give n(13).
-148
Let u(w) = -13*w + 1378. Calculate u(40).
858
Let l(h) = 31*h**3 + 249*h**2 + 3*h - 4. What is l(-8)?
36
Let n(q) = q**2 - 148*q + 2812. Give n(23).
-63
Let d(x) = x**3 + 2*x**2 - 6*x + 9. Calculate d(-4).
1
Let j(c) = 14*c**2 + 509*c - 196. Give j(-37).
137
Let z(c) = c**3 + 10*c**2 + 538*c + 1040. Give z(-2).
-4
Let i(x) = 23*x + 137. Calculate i(-6).
-1
Let t(r) = -524*r - 152483. Calculate t(-291).
1
Let v(d) = 46*d + 15. What is v(6)?
291
Let w(d) = -2*d**2 - 81*d - 449. Determine w(-7).
20
Let z(c) = -3*c**2 + 69*c - 287. Give z(5).
-17
Let w(b) = -8*b + 216. Give w(9).
144
Let d(m) = -m**3 + 13*m**2 + 40*m - 161. What is d(15)?
-11
Let v(h) = 7*h**2 + 11*h - 68. Calculate v(6).
250
Let p(v) = -131*v - 4195. Give p(-32).
-3
Let d(r) = -9*r**2 - 75*r + 2. What is d(-7)?
86
Let a(i) = -19*i**3 + 628*i**2 - 33*i + 13. Calculate a(33).
13
Let s(j) = -4*j**2 + 12*j + 2151. Calculate s(-22).
-49
Let w(d) = -122*d**2 + 18*d + 34. Determine w(-2).
-490
Let y(b) = -6*b - 74. Give y(-12).
-2
Let w(q) = 5*q**3 + 2*q**2 - q - 4. Calculate w(-3).
-118
Let h(j) = 212*j - 273. What is h(1)?
-61
Let x(j) = 2*j**2 + 54*j - 130. Calculate x(-29).
-14
Let g(b) = -4*b + 317. Give g(99).
-79
Let z(a) = a**3 + 36*a**2 + 4*a + 146. Determine z(-36).
2
Let r(f) = 2*f**3 + 3*f**2 - f + 2. What is r(-4)?
-74
Let m(t) = -470*t + 3185. Determine m(7).
-105
Let u(o) = -4*o**3 - 154*o**2 - 78*o - 57. Give u(-38).
19
Let j(t) = -t**3 + 43*t**2 - 31*t - 454. Calculate j(42).
8
Let o(l) = 18*l**2 - 322*l + 274. Give o(17).
2
Let q(v) = 2*v**2 - 8769*v + 26315. Give q(3).
26
Let t(i) = 2*i**2 + 79*i + 768. What is t(-19)?
-11
Let x(f) = -47*f - 299. Give x(-6).
-17
Let y(x) = 75*x - 2770. Calculate y(37).
5
Let y(h) = -5*h**3 + 13*h**2 - 12*h - 106. Calculate y(-5).
904
Let s(u) = -258*u + 11513. Calculate s(44).
161
Let s(b) = 50*b - 358. Calculate s(7).
-8
Let z(g) = -6*g**3 + 258*g**2 - g + 68. Determine z(43).
25
Let i(s) = s**3 + 2*s**2 - 138*s - 79. What is i(11)?
-24
Let c(w) = 3*w**2 + 73*w - 550. What is c(6)?
-4
Let w(i) = -i**3 + 7*i**2 - 12*i + 6. What is w(6)?
-30
Let x(r) = 125*r + 11386. Calculate x(-91).
11
Let r(l) = -8*l + 3. Give r(7).
-53
Let h(b) = -1431*b + 31486. Determine h(22).
4
Let w(q) = -10*q**2 + 669*q - 580. Give w(66).
14
Let z(b) = -b**2 + 479*b + 6898. Give z(-14).
-4
Let c(n) = 2*n**3 + 55*n**2 + 125*n - 56. Give c(-25).
-56
Let q(s) = 1730*s + 3488. Calculate q(-2).
28
Let i(s) = 184*s**3 + 5*s**2 - 7*s + 2. What is i(1)?
184
Let v(r) = -r**3 - 8*r**2 - 19*r - 151. Give v(-8).
1
Let l(p) = 78*p - 264. What is l(4)?
48
Let t(i) = -130*i + 890. Determine t(7).
-20
Let w(g) = g**3 - 5*g**2 - 265*g + 22. Determine w(-14).
8
Let t(r) = -r**2 + 42*r - 119. Give t(41).
-78
Let z(f) = -273*f - 12287. What is z(-45)?
-2
Let s(q) = q**3 - 22*q**2 + 98*q - 64. Determine s(16).
-32
Let k(b) = -b**3 + 54*b**2 - 478*b + 61. Give k(11).
6
Let r(s) = 72*s + 56. What is r(9)?
704
Let v(x) = x**2 - 34*x + 310. What is v(17)?
21
Let o(s) = -5*s**2 + 22*s + 257. What is o(14)?
-415
Let y(k) = -10*k**3 + 54*k**2 - 29*k - 25. Give y(1).
-10
Let x(f) = 1718*f + 6949. Calculate x(-4).
77
Let k(g) = -13*g**2 + 67*g + 41. What is k(6)?
-25
Let x(u) = -2*u**2 + 7*u - 64. Calculate x(-17).
-761
Let y(v) = v**3 + 10*v**2 + 257*v + 2556. Give y(-10).
-14
Let j(l) = 2*l**3 - 10*l**2 - 6*l - 32. Calculate j(5).
-62
Let h(d) = 2*d**3 - 11*d**2 - 5*d + 7. Determine h(5).
-43
Let h(m) = 6*m**2 + 8*m - 8. Give h(4).
120
Let w(q) = 750*q + 1. Calculate w(0).
1
Let o(x) = 2*x**2 - 42*x + 1. What is o(19)?
-75
Let l(w) = -3*w**2 - 36*w - 287. Determine l(-12).
-287
Let m(v) = -119*v - 156. What is m(-1)?
-37
Let n(v) = -v**3 - 22*v**2 + 60*v + 167. Give n(4).
-9
Let n(y) = y**3 + 65*y**2 + 7*y + 525. Give n(-65).
70
Let l(f) = 9*f + 99. What is l(-23)?
-108
Let c(l) = -l**3 - 12*l**2 + 10. Determine c(-11).
-111
Let q(n) = -3*n**2 + 1273*n - 1269. Determine q(1).
1
Let s(d) = -150*d - 125. Calculate s(-3).
325
Let h(f) = 405*f - 6880. What is h(17)?
5
Let c(j) = -j**3 + 64*j**2 + 72*j - 456. Give c(65).
-1
Let n(u) = -53*u + 292. What is n(5)?
27
Let l(t) = -189*t - 1350. Give l(-7).
-27
Let t(b) = -b**2 - 2*b + 1035. Give t(0).
1035
Let h(k) = k**2 + 101*k - 1450. What is h(13)?
32
Let m(g) = 3*g + 195. Determine m(27).
276
Let l(s) = 5*s**2 + 33*s - 11. What is l(-7)?
3
Let p(m) = 3*m**2 + 204*m + 209. Give p(-1).
8
Let q(d) = 3*d**3 - 3*d**2 + d - 3. Determine q(3).
54
Let n(l) = 13*l + 402. Give n(-28).
38
Let o(d) = 2*d**3 - 9*d**2 - 12*d + 35. Determine o(6).
71
Let h(f) = 5*f**2 - 43*f + 164. Determine h(4).
72
Let o(a) = 43*a - 574. Determine o(12).
-58
Let g(c) = -5*c**3 - 4*c**2 + 8*c + 17. Calculate g(-5).
502
Let k(c) = -4*c**3 + 806*c**2 + 1217*c + 207. Give k(203).
4
Let k(q) = -q**2 + 2*q + 54. Calculate k(7).
19
Let d(z) = 7*z - 572. Give d(92).
72
Let n(f) = f**3 - 48*f**2 - 99*f - 73. Determine n(50).
-23
Let y(h) = -12*h - 1104. Calculate y(-94).
24
Let g(j) = 3*j**3 - 15*j**2 + 2*j + 34. Determine g(6).
154
Let u(x) = 18*x**2 + 129*x + 61. What is u(-5)?
-134
Let o(h) = -h**3 - 19*h**2 - 85*h - 28. Determine o(-11).
-61
Let b(y) = -4*y**2 - 11*y + 71. Determine b(6).
-139
Let n(h) = 2*h**2 + 169*h + 386. Give n(-82).
-24
Let n(r) = -29439*r - 176639. Give n(-6).
-5
Let c(t) = -2*t**2 - 6*t + 472. What is c(14)?
-4
Let r(s) = 24*s**2 - 9*s + 1. Give r(2).
79
Let x(h) = -h**2 - 270*h - 8617. Determine x(-37).
4
Let w(r) = r**2 - 7*r - 457. What is w(25)?
-7
Let x(a) = a**3 - 9*a**2 + 6*a - 61. What is x(9)?
-7
Let m(z) = -1617*z + 9633. Determine m(6).
-69
Let d(i) = 55*i**3 + 2*i**2 + 18*i + 18. Calculate d(-1).
-53
Let m(f) = -f**3 + 11*f**2 + 9*f + 20. What is m(12)?
-16
Let n(f) = -685*f - 17095. Calculate n(-25).
30
Let p(l) = 10*l**2 - 140*l - 286. Calculate p(-2).
34
Let r(i) = 32*i + 302. Give r(-34).
-786
Let j(r) = -r**3 - 2*r**2 + 9*r - 15. Determine j(0).
-15
Let h(d) = d**2 - 26*d - 1094. Give h(-23).
33
Let s(z) = 983*z - 13762. What is s(14)?
0
Let z(a) = 3*a**2 + 19*a + 7. Determine z(-4).
-21
Let p(t) = 5*t + 121. Determine p(19).
216
Let k(a) = a**3 + 13*a**2 + 23*a + 3. Calculate k(-10).
73
Let z(f) = 95*f + 659. Calculate z(-7).
-6
Let m(b) = -213*b - 1914. Determine m(-9).
3
Let a(d) = -d**3 - 9*d**2 + 5*d + 11. Determine a(-7).
-122
Let w(d) = -10143*d + 162282. Give w(16).
-6
Let x(k) = -3*k**2 - 929*k + 13579. What is x(14)?
-15
Let n(j) = -87*j - 32. Give n(-1).
55
Let k(z) = -2*z**2 + 46*z + 117. Calculate k(25).
17
Let i(o) = -o**3 + 6*o**2 - 56*o + 185. What is i(4)?
-7
Let w(g) = g**2 - 20*g + 117. What is w(12)?
21
Let l(s) = s**3 + s**2 - 90*s + 11. Give l(9).
11
Let x(i) = -i**2 - 31*i + 143. Determine x(4).
3
Let q(j) = j**3 + 14*j**2 + 50*j + 10. What is q(-7)?
3
Let i(f) = 130*f + 4024. What is i(-31)?
-6
Let k(r) = 7*r**3 + 119*r**2 - r - 18. Determine k(-17).
-1
Let g(t) = -128*t + 736. Give g(6).
-32
Let j(p) = -2*p**3 + 1044*p**2 + 6351*p + 96. What is j(-6)?
6
Let z(r) = -9*r**2 - 5*r - 18. Determine z(5).
-268
Let u(a) = -956*a + 2852. Determine u(3).
-16
Let t(z) = 1113*z - 2209. Determine t(2).
17
Let q(p) = 2*p**2 + 17*p - 146. Determine q(6).
28
Let m(l) = -107*l**2 + 60*l - 114. Calculate m(2).
-422
Let y(s) = -s**3 - 13*s**2 - 21*s - 3. Calculate y(-11).
-14
Let d(g) = -g**3 - 26*g**2 - 53*g - 121. Determine d(-24).
-1
Let u(m) = -m**3 - 3*m**2 - 33*m - 411. Calculate u(-7).
16
Let k(m) = -228*m + 1819. Determine k(8).
-5
Let i(y) = 3*y**2 - 123*y - 246. Calculate i(-2).
12
Let d(u) = -u**3 - 3*u**2 + 27*u + 110. Give d(-5).
25
Let a(i) = -3*i**2 + 64*i + 23. Give a(22).
-21
Let f(q) = 9*q**2 - 71*q - 258. Give f(-4).
170
Let n(d) = 2*d**2 + 6*d - 548. Give n(15).
-8
Let y(o) = -o**3 - 17*o + 2. Determine y(0).
2
Let f(x) = -1540*x + 1556. Calculate f(1).
16
Let p(s) = -51*s - 858. Determine p(-17).
9
Let m(b) = b**2 + 8*b + 22. Give m(-2).
10
Let h(p) = p**3 + 55*p**2 + 256*p + 319. What is h(-50)?
19
Let w(y) = y**2 + 40*y + 25. Calculate w(-39).
-14
Let o(c) = c**3 - 130*c**2 + 252*c + 475. Give o(128).
-37
Let h(a) = a**2 + a - 205. Give h(-14).
-23
Let g(l) = 271*l + 9755. Give g(-36).
-1
Let n(s) = 2792*s + 8374. Calculate n(-3).
-2
Let s(d) = -8*d**2 + 241*d - 654. Wh